= 10, 0 = 2*k - 5*i + 15. Calculate the remainder when ((-11)/k)/(4/(-20)) is divided by 4.
3
Let f be (-204)/26 + (-14)/91. Let n = f + 101. Calculate the remainder when n is divided by 24.
21
Suppose 3*g + 11 = g + 5*x, 0 = g - 5*x + 13. Suppose -g*y = 2*y - 16. What is the remainder when 14 is divided by y?
2
Suppose 2*q - 89 = -4*r - 3*q, 0 = 2*q - 2. Calculate the remainder when 59 is divided by r.
17
Suppose 0*l + 2*l = 0. Let m = l + 1. What is the remainder when 2 is divided by m?
0
Let d = 4 - -15. Let h = -12 + d. What is the remainder when h is divided by 3*2/3 - -2?
3
Let s = -30 - -55. Calculate the remainder when 96 is divided by s.
21
Let t be (2/4)/((-8)/(-48)). Suppose r + t = y, 2*y - 7*y = r - 9. Calculate the remainder when (74/4*y)/1 is divided by 19.
18
Let l = -1 - -11. Calculate the remainder when l is divided by 4.
2
Suppose 0 = 19*a - 15*a - 56. Suppose 0*v + 75 = -5*v. Let i = v + 56. Calculate the remainder when i is divided by a.
13
Let f(l) = 7*l**3 - l**2 + l. Let m = 90 + -70. What is the remainder when m is divided by f(1)?
6
Suppose 3*q + 45 = v, 0 = -v + 3*v - 3*q - 99. Calculate the remainder when v is divided by 19.
16
Let q(o) = 8*o - 3. Let n be q(7). Suppose n - 17 = 3*u - 3*c, u = -3*c. What is the remainder when u is divided by 6?
3
Suppose 5*v - 3*r = 270, 24 = 3*v + 3*r - 162. Calculate the remainder when v is divided by 15.
12
Let g(h) = h**3 + h**2 + h + 4. What is the remainder when 5/20 - (165/12)/(-1) is divided by g(0)?
2
Let g(j) = 5*j**3 - 3*j**2 + 3*j - 2. What is the remainder when g(2) is divided by 17?
15
Suppose -4*k - 5*t = -25 - 56, -4*t - 12 = 0. What is the remainder when k is divided by (-164)/(-12) + 4/(-6)?
11
Let z = -85 + 164. What is the remainder when z is divided by 21?
16
Suppose 3*u = -u + 40. Suppose 0 = 9*t - 6*t - 12. Calculate the remainder when u is divided by t.
2
Let h = -6 - -3. Let z be h + 5 + 1 + -3. Suppose 2*w + 24 - 76 = z. Calculate the remainder when w is divided by 9.
8
Let l = 42 - 36. What is the remainder when (3/2)/((-1)/(-10)) is divided by l?
3
Suppose 2*q + 0*q - 94 = 0. Let k = -25 + q. Suppose 2*w + 3*w + f = 60, -60 = -5*w + 4*f. Calculate the remainder when k is divided by w.
10
Let o(p) = -p + 15. Let l = -2 - -5. Let b = l - 0. Calculate the remainder when o(8) is divided by b.
1
Suppose 3*p = x - 3 + 29, 0 = -p + 4*x + 16. Suppose n + 3*n + g - 4 = 0, -4*n = 5*g - 4. Let y = p - n. What is the remainder when y is divided by 4?
3
Let v(b) = b**3 + 8*b**2 - 4*b + 9. Let s(l) = -l**2 - 10*l - 13. What is the remainder when v(-8) is divided by s(-6)?
8
Let k = -9 - -8. What is the remainder when 3 is divided by k - (-3 - 0) - -1?
0
Suppose 0 = 6*i - i - 20. Calculate the remainder when i is divided by 3.
1
Let u be 66/15 - 2/5. Suppose 0 = -5*c + 2*k + 101, -u*c + 51 = -4*k - 37. What is the remainder when 2/1*(31 + -3) is divided by c?
18
Suppose -31 = -5*l + 3*k, 0 = -4*l - 0*k - k + 35. Let g(u) = -u**2 + 10*u - 8. Calculate the remainder when 22 is divided by g(l).
6
Let a = 12 - 3. What is the remainder when 15 is divided by a?
6
Let v = 8 - -11. Suppose -3*j - 29 = v. Let g = 1 - j. What is the remainder when 49 is divided by g?
15
Suppose 0 = -2*v + 6*v - 144. Suppose -3*b - 11 = -50. Calculate the remainder when v is divided by b.
10
Let y(u) = -32*u**3 - 2*u**2 - 2*u - 1. Let i be (0 - -2)*(-3)/2. Let k = -4 - i. What is the remainder when y(k) is divided by 11?
9
Let z be 9/((6/(-8))/(-1)). Let f be (-2 - 0)/(z/(-174)). Let m = -10 + f. Calculate the remainder when m is divided by 10.
9
Calculate the remainder when 32 is divided by 10/(-15) + (-60)/(-9) + 1.
4
Let l(x) = -3*x - 6. Let z be l(-4). Let r be (-12)/(-8)*-2 - -6. What is the remainder when 50 is divided by 100/z + 1/r?
16
Let f(a) = -3*a**3 - 3*a**2 - a + 3. What is the remainder when 116 is divided by f(-2)?
14
Let s = -52 - -74. Calculate the remainder when 39 is divided by s.
17
Let h(r) = 2*r - 6. Suppose 26 = -0*b + 2*b. Calculate the remainder when 39 is divided by h(b).
19
Let x(a) = -5*a**3 - 4*a**2 - 4*a - 2. Suppose -2*m - k - 10 = -5*k, 5*m + 3 = -k. Calculate the remainder when x(-2) is divided by (96/(-18))/(m/3).
14
Suppose -72 = -4*z + k, 4*z + z - k = 90. Suppose -6*v + 249 = -v - 4*b, v = -5*b + 73. Calculate the remainder when v is divided by z.
17
Let b = -26 + 41. Let y(z) = 2*z**2 - 10*z**3 + 8*z**3 + z - b*z**3. What is the remainder when y(-1) is divided by 10?
8
Let u = -2 - -45. What is the remainder when u is divided by 15?
13
Let o(h) = 17*h - 10. Calculate the remainder when o(4) is divided by 15.
13
Suppose 228 = 2*t + t. Calculate the remainder when t is divided by 26.
24
Suppose 4*n = l + 160, -3*n + 115 = 2*l - 4*l. Suppose -4*z + n = -3. Calculate the remainder when (-2)/(-8) + 254/8 is divided by z.
10
Calculate the remainder when 13 is divided by (3/2)/((-5)/(-10)).
1
Suppose 0 = 2*l - 20 + 2. What is the remainder when 17 is divided by l?
8
Let t = 17 - 15. Let l = -2 + 2. Let k = l + 3. Calculate the remainder when k is divided by t.
1
Let d = -4 - -17. Suppose z - 3*u - 31 = 0, -80 - 18 = -4*z - u. What is the remainder when z is divided by d?
12
Let b(l) = 1 + 0*l + 3*l - 10 + l. Calculate the remainder when b(8) is divided by 13.
10
Let y(o) = -o**3 - o**2 - o - 22. Let a(t) = t + 2. Let f be a(-2). Let z be y(f). What is the remainder when (z/(-3) + -2)*6 is divided by 11?
10
Let b be -1*3*(-4)/12. Suppose -r = -8 - b. Calculate the remainder when 35 is divided by r.
8
Suppose 2*p = -22 + 44. Suppose -3*o + 0*o + 4*m = -125, 170 = 4*o - 2*m. What is the remainder when o is divided by p?
10
Let o = 62 + -7. Calculate the remainder when o is divided by 14.
13
Suppose 2*c = -h + 4 + 15, 5*h - c = 95. Calculate the remainder when 37 is divided by h.
18
Suppose -22 = 4*d + 6. Let u = d - -5. Calculate the remainder when 27 is divided by 3 + (-1 - u) + 6.
7
Let k be (-20 - 0)*6/(-10). Let i = 29 - k. Calculate the remainder when i is divided by (-8)/6*30/(-4).
7
What is the remainder when (-1 - -2) + 53 - (-3 + 4) is divided by 28?
25
Suppose 0 = 5*c - 10 + 55. Calculate the remainder when 6 is divided by (1 + 2)/c*-12.
2
Let a = 50 + -41. Let n(b) = -b + 7. Calculate the remainder when n(-7) is divided by a.
5
Let g = 108 + -18. Calculate the remainder when g is divided by 23.
21
Suppose -3*x - g = -4, -2*x + g + 21 = -2*g. Suppose -2*q - x = v - 23, -5*q = 4*v - 89. What is the remainder when v is divided by 7?
5
Suppose 3*a = -2*o + 17, 3*a - 2 = 1. Let l = o - -8. Suppose 5*k + d = 289, -k = 2*k + d - 175. Calculate the remainder when k is divided by l.
12
Suppose 2*y = 8*y - 228. Let h = 25 + -14. What is the remainder when y is divided by h?
5
Let l(v) = -5*v - 11. What is the remainder when l(-6) is divided by 12?
7
Let k(z) = 28*z**3 + 2*z**2 - 3. Let h(s) = -57*s**3 - 5*s**2 + 7. Let r(q) = -2*h(q) - 5*k(q). What is the remainder when r(-1) is divided by 15?
12
Let w(q) = -3*q**3 - 3*q**2 + q + 2. Let m be w(-2). Calculate the remainder when 34 is divided by m + 0*(-4)/12.
10
Let f(t) = -3*t**3 + t + 1. Let c be f(-1). Let b be ((-24)/9 + c)*9. Calculate the remainder when 1/(86/(-29) + b) is divided by 8.
5
Calculate the remainder when (6*((-49)/(-3))/1)/2 is divided by 13.
10
Let o = 26 + -5. What is the remainder when o is divided by 6?
3
Suppose l = -n + 13, 2*l - 3*l + 3*n + 33 = 0. What is the remainder when 68 is divided by l?
14
Let l(f) = -3*f**3 + 1. Let h be l(-1). Suppose -h*q + 0*q = -48. What is the remainder when 34 is divided by q?
10
Let b(o) = -o**3 + 6*o**2 - 2*o - 5. Calculate the remainder when 29 is divided by b(5).
9
Suppose 0 = -5*h + 109 - 24. What is the remainder when h is divided by 4?
1
What is the remainder when 152 is divided by (0/(-1 - -3) - 31)/(-1)?
28
Let k(y) = 3*y**2 - 1. Let d be k(1). Let w(n) = n**3 - 3*n**2 + n + 1. Let c be w(d). Let j(r) = -22*r - 1. What is the remainder when j(c) is divided by 11?
10
Suppose 0 = -s + 14 - 2. Suppose -70*n - 66 = -73*n. Calculate the remainder when n is divided by s.
10
Suppose -5*o - 4 = -14. Calculate the remainder when o is divided by 1.
0
Let b(z) = 48*z**2. What is the remainder when b(1) is divided by 17?
14
Suppose -3 = -0*u - u. Suppose -u*a 